**2 + y. Let x(f) = -f + 3. Let u be x(0). Suppose -3*b = 2*r - 28, -u*r + 11 = -4. Let z be 2*(-3 - (-15)/b). What is o(z)?
-7
Let y(a) = -5*a**2 - a - 1. Suppose 0 = -25*g + 19 + 6. Determine y(g).
-7
Let u(p) = 3*p + 2*p + 4 - 2*p. Let a be u(-3). Let q(o) be the second derivative of -o**4/12 - 7*o**3/6 - o**2 + 2*o + 2. Give q(a).
8
Let m(s) be the first derivative of -39 + s + 4*s**3 - 1/2*s**2. Calculate m(1).
12
Let c(a) = -a**3 + a**2 + 29*a + 7. Let n be c(0). Let h(m) = 4*m - 3*m + 6 - 2*m. Calculate h(n).
-1
Let l be 4/6 + 84/18*-1. Let a(m) = 3*m + 2. Determine a(l).
-10
Let h(x) = -331 - 10*x**3 + 321 - 4*x + 6*x**2 + 9*x**3. Determine h(5).
-5
Let f(q) = -2*q + 17. Let x be f(5). Let h(t) = -27 - t**3 - 6*t + x*t**2 + 14 + 15. What is h(6)?
2
Let h(c) be the third derivative of c**4/6 - 2*c**3/3 + 4*c**2 - 13. Give h(6).
20
Let m(l) = -l**2 - l**2 - l**3 + 5746 - l**3 + l**3 - 5726. Give m(0).
20
Let o(n) = n + 16. Let q(m) be the second derivative of m**5/20 - m**4/4 - m**3/6 + 3*m**2/2 - 12*m. Let y be q(3). Give o(y).
16
Let o(h) = 35 - 23 - 4522*h + 4521*h. Give o(11).
1
Let g(h) = -7*h**2 - 9*h + 4. Let x(v) = -v**2 - 2*v. Let f(r) = g(r) - 6*x(r). Let y be 8*3*3/18. Calculate f(y).
0
Suppose -q - 9 = -4*x, 2*x + q - 3*q = 0. Suppose r = -g - 5, r - 2 - x = g. Let k(y) = y**3 - y**2 + y - 6. What is k(r)?
-6
Suppose -35 = -14*s + 9*s. Let c = s - 2. Let u(d) = d**3 - c*d**2 + 0 - 2 + d**2. Calculate u(4).
-2
Let b(p) = 40 + 18*p - p**2 - 109 + 17*p + 11*p - 67*p. Give b(-17).
-1
Let d(b) be the second derivative of 1/24*b**4 + 1/120*b**6 - 3/2*b**2 + 0 - 2*b + 1/15*b**5 - 2/3*b**3. Let f(j) be the first derivative of d(j). Give f(-3).
2
Let q = 149 - 150. Let r(l) = 11*l**2 + 2*l + 1. Give r(q).
10
Let o(r) be the first derivative of 2*r**3/3 + 3*r**2/2 + 3*r - 77. Let b = -3 - 0. Give o(b).
12
Let d(j) = j**3 + 13*j**2 + 2*j + 21. Suppose 2*s + 0*w + 23 = -3*w, -5*s = 4*w + 61. Determine d(s).
-5
Suppose 0 = -7*p + 10*p - 51. Let t(j) = 18*j - p*j - 7 + 1 + 3. Give t(4).
1
Suppose -2*t - 2*j = 3*j - 33, 0 = 3*t + 3*j - 27. Let r be (-128)/(-32) - (-1 - -2). Let v(m) = -5*m**2 + 3 + 5*m**r + 145*m - 141*m - 4*m**3. Calculate v(t).
3
Let f(x) = 2*x**2 - 5*x + 3. Let z be (8/(-10))/(8/(-40)). Let c be 32/14 - z/14. Suppose -v - 4*y = 2*v - 25, 2*y - 2 = c*v. What is f(v)?
6
Let y be (-156)/(-27) - (-2)/9. Let v(x) = x**3 - 6*x**2 + x. Let s be v(y). Let t(j) = -7*j - 1 + 6*j + 0. Determine t(s).
-7
Let o(v) = v**3 + 2*v**2 + 16*v. Let k(w) = w**3 + w**2 + 9*w. Let y(n) = -7*k(n) + 4*o(n). What is y(2)?
-18
Let v(a) = -a - 3. Let b be v(-7). Let i(g) = 3*g**3 + 70*g**2 + 3*g - 5. Let h(p) = 4*p**3 + 87*p**2 + 2*p - 5. Let q(c) = 4*h(c) - 5*i(c). What is q(b)?
9
Let r(o) be the first derivative of -o**4/4 - 5*o**3/3 + 3*o**2 + 7*o + 32. Suppose 2*m + 5 + 4 = f, -5*f - 21 = m. Determine r(m).
7
Let p(l) = 9*l + 1. Let q be (-35)/14*4/(-5). Let z be (4 + -7)*q/6. Calculate p(z).
-8
Let i(j) = -2*j**2 - 3*j - 6. Let m be i(-4). Let h = m - -25. Let o(a) = a**3 - 2*a**2 + 1. What is o(h)?
-2
Let h = -45 - -50. Let c be 0/((0 - 1) + -1). Let w(a) = -3*a - a**2 + a + 4*a + c*a + 6. Determine w(h).
-9
Suppose 67 = -3*r + 52. Let w(m) = 6*m + 12. What is w(r)?
-18
Let n = -1 - -6. Suppose n - 26 = b. Let d = b + 26. Let y(i) = -i + 4. Give y(d).
-1
Suppose 4*v = -2 + 22. Let y(f) = f**3 + 1631*f - 5*f**2 + f**2 - 1636*f. Calculate y(v).
0
Suppose -3*b - 2*k = -0*b - 16, -k = -4*b + 3. Let w(s) be the first derivative of 5/2*s**b + 3 + 0*s. Calculate w(2).
10
Let c(f) = f**3 + f**2 - 3*f - 3. Let b be c(-2). Let m(r) = 3*r - 6. Let n(d) = -2*d + 7. Let t(a) = -6*m(a) - 5*n(a). Give t(b).
9
Suppose -3*m - 1 = 8. Let h(v) = 6*v + 4*v - 2 - 12*v + 3. Calculate h(m).
7
Let u(p) = -29*p**2 + 37*p**2 + 5*p - 4 - 10*p - p**3. Calculate u(7).
10
Let b = 19 + -15. Let t be -6*b*(-2)/12. Let u be 24/18*6/t. Let c(d) = -d**3 + d**2 - 3*d + 1. What is c(u)?
-9
Let q(c) be the third derivative of -c**5/60 + 13*c**4/24 - c**3 - 2*c**2 - 28. Calculate q(11).
16
Let n(x) = x**2 - 6*x - 12. Let s be n(8). Let m(y) = s + 1 + 50*y - 4 - 54*y. Determine m(2).
-7
Let l be (-2015)/(-221) + (-2)/17. Let v(d) = -1 - 2 + 4*d**2 - 9*d**3 + l*d**3 + d - 2*d**3. Determine v(3).
-18
Suppose -3*v + 0*v = q - 26, -q + v + 10 = 0. Let m(p) = -p**2 + 12*p + 34. Let c be m(q). Let g(x) = -x**3 + 7*x**2 - 4*x - 8. What is g(c)?
4
Let i = 12 + -4. Suppose 2*f - h = i, 2*f - 8 = 3*h - 8*h. Let t(b) = -b**2. Let g(k) = -k**3 + 8*k**2 + 2*k - 2. Let a(w) = g(w) + 5*t(w). Determine a(f).
-10
Let k = -1074 - -1077. Let g(m) be the third derivative of -m**6/120 + m**5/10 - m**4/8 - m**3/2 - m**2. Calculate g(k).
15
Suppose 12*b - 14*b - 18 = 0. Let c(q) = q**3 + 10*q**2 + 10*q + 6. Give c(b).
-3
Let t(j) = 4*j**2 + 1. Suppose -4*a - 18 - 2 = 3*c, -5 = -c + a. Let g be (-12 - -13)*(c + 1). What is t(g)?
5
Let h(q) be the first derivative of 7/24*q**4 - 5 - 1/2*q**3 + 0*q + 1/120*q**6 - 7/60*q**5 + q**2. Let f(p) be the second derivative of h(p). Calculate f(6).
3
Let g(l) = 13*l - 5. Let t(o) = -33*o + 8. Let x(a) = -5*g(a) - 2*t(a). Determine x(-5).
4
Let s be 8/28 - 26/(-7). Let w = 6 + 5. Let b(t) = w + 9 - 15 + 2*t - t**2. Calculate b(s).
-3
Let m(s) = 14*s + 335. Let n be m(-24). Let u(q) = 15*q + 5. Give u(n).
-10
Let n(t) = 30*t + t - 1 - 15*t + t**3 - 11*t + 9*t**2. What is n(-7)?
62
Let s(n) = 3*n + 23. Let i = 117 + -124. What is s(i)?
2
Let a = 8/127 + 31/1524. Let c(o) be the third derivative of 1/120*o**6 + 3*o**2 + 0*o**3 + 1/12*o**5 + a*o**4 + 0*o + 0. What is c(-4)?
8
Suppose 0 = -k + 4 + 3. Let w(b) = b**2 + 0 - b - 1 + 1. Let x(r) = 5*r**2 - 10*r - 9. Let c(t) = -4*w(t) + x(t). What is c(k)?
-2
Let v(u) = u**2 + 3*u - 57. Let n be v(-9). Let t(x) = x**3 + x + 2. Determine t(n).
-28
Let u(c) be the second derivative of -c**4/6 - c**3/6 - c**2/2 - 19*c. Calculate u(-1).
-2
Let w(y) = -45 - y + 38 + 5*y**2 + 5*y**2 + y**3 - 2*y**2. Calculate w(-8).
1
Let p(v) be the first derivative of v**2 - 16*v - 34. Give p(11).
6
Let j(b) = -2*b**3 - 17*b**2 - 15*b + 5. Let w(r) = r**3 + 9*r**2 + 8*r - 2. Let f(g) = 3*j(g) + 7*w(g). Determine f(-11).
1
Suppose 0 = -c + 6*c + 15. Let l(u) = -7*u**2 - 10*u. Let m(n) = -15*n**2 - 21*n. Let h(p) = -13*l(p) + 6*m(p). Give h(c).
-3
Let o(y) = y - 3. Let d(j) = j - 4. Let n(x) = 6*d(x) - 7*o(x). Calculate n(8).
-11
Let g(l) = l - 1. Let t(u) = 7*u + 4. Let m(r) = -4*g(r) - t(r). Let j be (-16)/(-5) + (-2)/10. Let h = -4 + j. Determine m(h).
11
Suppose 3*p - 8 = t, -4*t + 8 = -p - 3*p. Let y(l) be the first derivative of t - 7*l + 1/2*l**2. Determine y(5).
-2
Let x(c) = -90*c**3 - 1. Let l be x(-1). Let w = l - 85. Let k(i) = 5*i - 6 + 2*i**2 + i**2 + 0*i**2 - i**3. Give k(w).
-2
Let i(k) = 2*k - 3. Suppose 11 = 4*w - a - 23, -4*w + 42 = -5*a. Let n(q) = q**3 - 9*q**2 + 10*q - 10. Let o be n(w). Let f = -3 + o. Calculate i(f).
3
Let u(n) = -13*n - 4*n + n**2 - n + 0*n**2 + 22 + 3*n. Give u(15).
22
Let i(u) = u**2 - 8*u - 3. Let l(o) = o + 2*o**2 + 0*o + 2*o + 3*o. Let m be l(-4). Let p be i(m). Let a(t) = t**2 + 3*t - 4. Give a(p).
-4
Let l(d) = 3*d + 3. Let z(p) = -6*p - 7. Let j(w) = -9*l(w) - 4*z(w). Suppose 2*a = 3*a - 3*x - 18, 0 = -3*a - x + 104. Let s = a + -34. Calculate j(s).
4
Suppose -3*s + 4*r = -4*s + 6, 5*s - 4*r = 30. Let l be (-14)/s - (-4)/12. Let z = 2 + l. Let b(f) = -f**2 - f - 3. Calculate b(z).
-3
Suppose 2*w + 2 + 3 = -t, -3*t - 7 = 2*w. Let q(s) = 9*s**2 + 2*s + 1. What is q(t)?
8
Let k(f) = -2*f + 3. Let p(m) be the second derivative of m**5/20 + 7*m**4/6 + m**2 - 3*m. Let l be p(-14). What is k(l)?
-1
Let r(k) be the first derivative of -8 + 1/3*k**3 + 7/2*k**2 + 6*k. Give r(-4).
-6
Let l(f) = -f - 1. Let w(g) = 3*g - 6. Let i(a) = 2*l(a) + w(a). Suppose 10 = 7*y - 11. Suppose 0 = 3*s - q - q - 18, -s + 13 = -y*q. Give i(s).
-4
Let f(i) = i**3 + 2. Suppose 4*u + 0*u = 5*a - 32, -4*u = 4*a - 4. Let v(g) = -2*g**2 + 10*g - 5. Let h be v(a). Suppose h*k = -k. What is f(k)?
2
Let u(x) = -2*x**3 - 3*x**2 - 3*x. Let d be u(-2). Let q = -40 + 54. Let a = q - d. Let c(b) = b**3 - 5*b**2 + 5*b + 4. Determine c(a).
8
Suppose -10 = -2*b - 0. Suppose -b - 3 = -2*h. Let c(o) = -o**2 + 5*o - 9. Let d be c(h). Let f(q) 